{"id":1114,"date":"2021-04-27T21:41:40","date_gmt":"2021-04-28T02:41:40","guid":{"rendered":"https:\/\/centrocic.com\/?page_id=1114"},"modified":"2022-08-30T20:15:34","modified_gmt":"2022-08-31T01:15:34","slug":"sedes","status":"publish","type":"page","link":"https:\/\/centrocic.com\/en\/sedes\/","title":{"rendered":"Locations"},"content":{"rendered":"<div data-elementor-type=\"wp-page\" data-elementor-id=\"1114\" class=\"elementor elementor-1114\" data-elementor-post-type=\"page\">\n\t\t\t\t\t\t<section class=\"elementor-section elementor-top-section elementor-element elementor-element-5bf67aa elementor-section-boxed elementor-section-height-default elementor-section-height-default\" data-id=\"5bf67aa\" data-element_type=\"section\" data-e-type=\"section\">\n\t\t\t\t\t\t<div class=\"elementor-container elementor-column-gap-default\">\n\t\t\t\t\t<div class=\"elementor-column elementor-col-50 elementor-top-column elementor-element elementor-element-594b517\" data-id=\"594b517\" data-element_type=\"column\" data-e-type=\"column\">\n\t\t\t<div class=\"elementor-widget-wrap elementor-element-populated\">\n\t\t\t\t\t\t<div class=\"elementor-element elementor-element-46a65ee elementor-widget elementor-widget-heading\" data-id=\"46a65ee\" data-element_type=\"widget\" data-e-type=\"widget\" data-widget_type=\"heading.default\">\n\t\t\t\t<div class=\"elementor-widget-container\">\n\t\t\t\t\t<h2 class=\"elementor-heading-title elementor-size-default\">Main address<\/h2>\t\t\t\t<\/div>\n\t\t\t\t<\/div>\n\t\t\t\t\t<\/div>\n\t\t<\/div>\n\t\t\t\t<div class=\"elementor-column elementor-col-50 elementor-top-column elementor-element elementor-element-c685389\" data-id=\"c685389\" data-element_type=\"column\" data-e-type=\"column\">\n\t\t\t<div class=\"elementor-widget-wrap elementor-element-populated\">\n\t\t\t\t\t\t<div class=\"elementor-element elementor-element-7052055 elementor-widget elementor-widget-heading\" data-id=\"7052055\" data-element_type=\"widget\" data-e-type=\"widget\" data-widget_type=\"heading.default\">\n\t\t\t\t<div class=\"elementor-widget-container\">\n\t\t\t\t\t<h2 class=\"elementor-heading-title elementor-size-default\">Contact<\/h2>\t\t\t\t<\/div>\n\t\t\t\t<\/div>\n\t\t\t\t\t<\/div>\n\t\t<\/div>\n\t\t\t\t\t<\/div>\n\t\t<\/section>\n\t\t\t\t<section class=\"elementor-section elementor-top-section elementor-element elementor-element-bb511dd elementor-section-boxed elementor-section-height-default elementor-section-height-default\" data-id=\"bb511dd\" data-element_type=\"section\" data-e-type=\"section\">\n\t\t\t\t\t\t<div class=\"elementor-container elementor-column-gap-default\">\n\t\t\t\t\t<div class=\"elementor-column elementor-col-50 elementor-top-column elementor-element elementor-element-12dd561\" data-id=\"12dd561\" data-element_type=\"column\" data-e-type=\"column\">\n\t\t\t<div class=\"elementor-widget-wrap elementor-element-populated\">\n\t\t\t\t\t\t<div class=\"elementor-element elementor-element-7a9993f elementor-widget elementor-widget-text-editor\" data-id=\"7a9993f\" data-element_type=\"widget\" data-e-type=\"widget\" data-widget_type=\"text-editor.default\">\n\t\t\t\t<div class=\"elementor-widget-container\">\n\t\t\t\t\t\t\t\t\t<p>Centro Empresarial DANN: Carrera 43A No. 7-50A Oficina 304<\/p><p>Medell\u00edn, Colombia.<\/p>\t\t\t\t\t\t\t\t<\/div>\n\t\t\t\t<\/div>\n\t\t\t\t\t<\/div>\n\t\t<\/div>\n\t\t\t\t<div class=\"elementor-column elementor-col-50 elementor-top-column elementor-element elementor-element-ecf6000\" data-id=\"ecf6000\" data-element_type=\"column\" data-e-type=\"column\">\n\t\t\t<div class=\"elementor-widget-wrap elementor-element-populated\">\n\t\t\t\t\t\t<div class=\"elementor-element elementor-element-914aa90 elementor-widget elementor-widget-text-editor\" data-id=\"914aa90\" data-element_type=\"widget\" data-e-type=\"widget\" data-widget_type=\"text-editor.default\">\n\t\t\t\t<div class=\"elementor-widget-container\">\n\t\t\t\t\t\t\t\t\t<ul>\n<li><span style=\"background-color: transparent; color: var( --e-global-color-text ); font-family: var( --e-global-typography-text-font-family ), Sans-serif; font-weight: var( --e-global-typography-text-font-weight );\"><strong>PBX:<\/strong> (574) 604 311 02 02 ext 101, 109, 110<\/span><\/li>\n<li><strong>Fax:<\/strong> (574) 604 312 11 53<\/li>\n<li><strong>Email:&nbsp;<\/strong> info@centrocic.com<\/li>\n<\/ul>\t\t\t\t\t\t\t\t<\/div>\n\t\t\t\t<\/div>\n\t\t\t\t\t<\/div>\n\t\t<\/div>\n\t\t\t\t\t<\/div>\n\t\t<\/section>\n\t\t\t\t<section class=\"elementor-section elementor-top-section elementor-element elementor-element-575bffe elementor-section-boxed elementor-section-height-default elementor-section-height-default\" data-id=\"575bffe\" data-element_type=\"section\" data-e-type=\"section\">\n\t\t\t\t\t\t<div class=\"elementor-container elementor-column-gap-default\">\n\t\t\t\t\t<div class=\"elementor-column elementor-col-100 elementor-top-column elementor-element elementor-element-f9ba665\" data-id=\"f9ba665\" data-element_type=\"column\" data-e-type=\"column\">\n\t\t\t<div class=\"elementor-widget-wrap elementor-element-populated\">\n\t\t\t\t\t\t<div class=\"elementor-element elementor-element-8d70c3c elementor-align-center elementor-hidden-desktop elementor-hidden-tablet elementor-hidden-phone elementor-widget elementor-widget-button\" data-id=\"8d70c3c\" data-element_type=\"widget\" data-e-type=\"widget\" data-widget_type=\"button.default\">\n\t\t\t\t<div class=\"elementor-widget-container\">\n\t\t\t\t\t\t\t\t\t<div class=\"elementor-button-wrapper\">\n\t\t\t\t\t<a class=\"elementor-button elementor-button-link elementor-size-lg\" href=\"https:\/\/centrocic.com\/en\/quienes-somos\/\">\n\t\t\t\t\t\t<span class=\"elementor-button-content-wrapper\">\n\t\t\t\t\t\t<span class=\"elementor-button-icon\">\n\t\t\t\t<i aria-hidden=\"true\" class=\"fab fa-whatsapp\"><\/i>\t\t\t<\/span>\n\t\t\t\t\t\t\t\t\t<span class=\"elementor-button-text\">Cont\u00e1ctenos v\u00eda WhatsApp aqu\u00ed<\/span>\n\t\t\t\t\t<\/span>\n\t\t\t\t\t<\/a>\n\t\t\t\t<\/div>\n\t\t\t\t\t\t\t\t<\/div>\n\t\t\t\t<\/div>\n\t\t\t\t\t<\/div>\n\t\t<\/div>\n\t\t\t\t\t<\/div>\n\t\t<\/section>\n\t\t\t\t<section class=\"elementor-section elementor-top-section elementor-element elementor-element-1c50d54 elementor-section-boxed elementor-section-height-default elementor-section-height-default\" data-id=\"1c50d54\" data-element_type=\"section\" data-e-type=\"section\">\n\t\t\t\t\t\t<div class=\"elementor-container elementor-column-gap-default\">\n\t\t\t\t\t<div class=\"elementor-column elementor-col-100 elementor-top-column elementor-element elementor-element-4084018\" data-id=\"4084018\" data-element_type=\"column\" data-e-type=\"column\">\n\t\t\t<div class=\"elementor-widget-wrap elementor-element-populated\">\n\t\t\t\t\t\t<div class=\"elementor-element elementor-element-ff86cf1 elementor-widget elementor-widget-google_maps\" data-id=\"ff86cf1\" data-element_type=\"widget\" data-e-type=\"widget\" data-widget_type=\"google_maps.default\">\n\t\t\t\t<div class=\"elementor-widget-container\">\n\t\t\t\t\t\t\t<div class=\"elementor-custom-embed\">\n\t\t\t<iframe loading=\"lazy\"\n\t\t\t\t\tsrc=\"https:\/\/maps.google.com\/maps?q=Centro%20Empresarial%20Torre%20DANN%2C%20Medell%C3%ADn&#038;t=m&#038;z=15&#038;output=embed&#038;iwloc=near\"\n\t\t\t\t\ttitle=\"Centro Empresarial Torre DANN, Medell\u00edn\"\n\t\t\t\t\taria-label=\"Centro Empresarial Torre DANN, Medell\u00edn\"\n\t\t\t><\/iframe>\n\t\t<\/div>\n\t\t\t\t\t\t<\/div>\n\t\t\t\t<\/div>\n\t\t\t\t\t<\/div>\n\t\t<\/div>\n\t\t\t\t\t<\/div>\n\t\t<\/section>\n\t\t\t\t<section class=\"elementor-section elementor-top-section elementor-element elementor-element-84dac1a elementor-hidden-desktop elementor-hidden-tablet elementor-hidden-phone elementor-section-boxed elementor-section-height-default elementor-section-height-default\" data-id=\"84dac1a\" data-element_type=\"section\" data-e-type=\"section\">\n\t\t\t\t\t\t<div class=\"elementor-container elementor-column-gap-default\">\n\t\t\t\t\t<div class=\"elementor-column elementor-col-50 elementor-top-column elementor-element elementor-element-7c77b15\" data-id=\"7c77b15\" data-element_type=\"column\" data-e-type=\"column\">\n\t\t\t<div class=\"elementor-widget-wrap elementor-element-populated\">\n\t\t\t\t\t\t<div class=\"elementor-element elementor-element-85eb1af elementor-widget elementor-widget-heading\" data-id=\"85eb1af\" data-element_type=\"widget\" data-e-type=\"widget\" data-widget_type=\"heading.default\">\n\t\t\t\t<div class=\"elementor-widget-container\">\n\t\t\t\t\t<h2 class=\"elementor-heading-title elementor-size-default\">Sede Principal<\/h2>\t\t\t\t<\/div>\n\t\t\t\t<\/div>\n\t\t\t\t<div class=\"elementor-element elementor-element-4fe15f6 elementor-widget elementor-widget-text-editor\" data-id=\"4fe15f6\" data-element_type=\"widget\" data-e-type=\"widget\" data-widget_type=\"text-editor.default\">\n\t\t\t\t<div class=\"elementor-widget-container\">\n\t\t\t\t\t\t\t\t\t<ul><li id=\"h.p_ID_44\" class=\"CDt4Ke zfr3Q\">Carrera 43A No. 7-50A Oficina 304<\/li><li id=\"h.p_ID_46\" class=\"CDt4Ke zfr3Q\">Centro Empresarial DANN<\/li><li id=\"h.p_ID_48\" class=\"CDt4Ke zfr3Q\">PBX (574) 311 0202<\/li><li id=\"h.p_ID_50\" class=\"CDt4Ke zfr3Q\">Fax (574) 312 1153<\/li><\/ul>\t\t\t\t\t\t\t\t<\/div>\n\t\t\t\t<\/div>\n\t\t\t\t\t<\/div>\n\t\t<\/div>\n\t\t\t\t<div class=\"elementor-column elementor-col-50 elementor-top-column elementor-element elementor-element-5cd4f52\" data-id=\"5cd4f52\" data-element_type=\"column\" data-e-type=\"column\">\n\t\t\t<div class=\"elementor-widget-wrap elementor-element-populated\">\n\t\t\t\t\t\t<div class=\"elementor-element elementor-element-f23d93c elementor-widget elementor-widget-heading\" data-id=\"f23d93c\" data-element_type=\"widget\" data-e-type=\"widget\" data-widget_type=\"heading.default\">\n\t\t\t\t<div class=\"elementor-widget-container\">\n\t\t\t\t\t<h2 class=\"elementor-heading-title elementor-size-default\">Sede Servicio de Vacunaci\u00f3n<\/h2>\t\t\t\t<\/div>\n\t\t\t\t<\/div>\n\t\t\t\t<div class=\"elementor-element elementor-element-6792cf9 elementor-widget elementor-widget-text-editor\" data-id=\"6792cf9\" data-element_type=\"widget\" data-e-type=\"widget\" data-widget_type=\"text-editor.default\">\n\t\t\t\t<div class=\"elementor-widget-container\">\n\t\t\t\t\t\t\t\t\t<ul><li id=\"h.p_ID_56\" class=\"CDt4Ke zfr3Q\">Calle 7 # 39-290<\/li><li id=\"h.p_ID_58\" class=\"CDt4Ke zfr3Q\">Consultorio 902<\/li><li id=\"h.p_ID_60\" class=\"CDt4Ke zfr3Q\">Edificio Cl\u00ednica Medell\u00edn Poblado<\/li><li id=\"h.p_ID_62\" class=\"CDt4Ke zfr3Q\">PBX: (574) 312 4170<\/li><\/ul>\t\t\t\t\t\t\t\t<\/div>\n\t\t\t\t<\/div>\n\t\t\t\t\t<\/div>\n\t\t<\/div>\n\t\t\t\t\t<\/div>\n\t\t<\/section>\n\t\t\t\t<\/div>","protected":false},"excerpt":{"rendered":"<p>Direcci\u00f3n Principal Contacto Centro Empresarial DANN: Carrera 43A No. 7-50A Oficina 304 Medell\u00edn, Colombia. PBX: (574) 604 311 02 02 ext 101, 109, 110 Fax: (574) 604 312 11 53 Email:&nbsp; info@centrocic.com Cont\u00e1ctenos v\u00eda WhatsApp aqu\u00ed Sede Principal Carrera 43A No. 7-50A Oficina 304 Centro Empresarial DANN PBX (574) 311 0202 Fax (574) 312 1153 [&hellip;]<\/p>","protected":false},"author":1,"featured_media":0,"parent":0,"menu_order":0,"comment_status":"closed","ping_status":"closed","template":"","meta":{"footnotes":""},"class_list":["post-1114","page","type-page","status-publish","hentry"],"aioseo_notices":[],"_links":{"self":[{"href":"https:\/\/centrocic.com\/en\/wp-json\/wp\/v2\/pages\/1114","targetHints":{"allow":["GET"]}}],"collection":[{"href":"https:\/\/centrocic.com\/en\/wp-json\/wp\/v2\/pages"}],"about":[{"href":"https:\/\/centrocic.com\/en\/wp-json\/wp\/v2\/types\/page"}],"author":[{"embeddable":true,"href":"https:\/\/centrocic.com\/en\/wp-json\/wp\/v2\/users\/1"}],"replies":[{"embeddable":true,"href":"https:\/\/centrocic.com\/en\/wp-json\/wp\/v2\/comments?post=1114"}],"version-history":[{"count":44,"href":"https:\/\/centrocic.com\/en\/wp-json\/wp\/v2\/pages\/1114\/revisions"}],"predecessor-version":[{"id":2820,"href":"https:\/\/centrocic.com\/en\/wp-json\/wp\/v2\/pages\/1114\/revisions\/2820"}],"wp:attachment":[{"href":"https:\/\/centrocic.com\/en\/wp-json\/wp\/v2\/media?parent=1114"}],"curies":[{"name":"wp","href":"https:\/\/api.w.org\/{rel}","templated":true}]}}

<div data-elementor-type="wp-page" data-elementor-id="1114" class="elementor elementor-1114" data-elementor-post-type="page">
						<section class="elementor-section elementor-top-section elementor-element elementor-element-5bf67aa elementor-section-boxed elementor-section-height-default elementor-section-height-default" data-id="5bf67aa" data-element_type="section" data-e-type="section">
						<div class="elementor-container elementor-column-gap-default">
					<div class="elementor-column elementor-col-50 elementor-top-column elementor-element elementor-element-594b517" data-id="594b517" data-element_type="column" data-e-type="column">
			<div class="elementor-widget-wrap elementor-element-populated">
						<div class="elementor-element elementor-element-46a65ee elementor-widget elementor-widget-heading" data-id="46a65ee" data-element_type="widget" data-e-type="widget" data-widget_type="heading.default">
				<div class="elementor-widget-container">
					<h2 class="elementor-heading-title elementor-size-default">Main address</h2>				</div>
				</div>
					</div>
		</div>
				<div class="elementor-column elementor-col-50 elementor-top-column elementor-element elementor-element-c685389" data-id="c685389" data-element_type="column" data-e-type="column">
			<div class="elementor-widget-wrap elementor-element-populated">
						<div class="elementor-element elementor-element-7052055 elementor-widget elementor-widget-heading" data-id="7052055" data-element_type="widget" data-e-type="widget" data-widget_type="heading.default">
				<div class="elementor-widget-container">
					<h2 class="elementor-heading-title elementor-size-default">Contact</h2>				</div>
				</div>
					</div>
		</div>
					</div>
		</section>
				<section class="elementor-section elementor-top-section elementor-element elementor-element-bb511dd elementor-section-boxed elementor-section-height-default elementor-section-height-default" data-id="bb511dd" data-element_type="section" data-e-type="section">
						<div class="elementor-container elementor-column-gap-default">
					<div class="elementor-column elementor-col-50 elementor-top-column elementor-element elementor-element-12dd561" data-id="12dd561" data-element_type="column" data-e-type="column">
			<div class="elementor-widget-wrap elementor-element-populated">
						<div class="elementor-element elementor-element-7a9993f elementor-widget elementor-widget-text-editor" data-id="7a9993f" data-element_type="widget" data-e-type="widget" data-widget_type="text-editor.default">
				<div class="elementor-widget-container">
									<p>Centro Empresarial DANN: Carrera 43A No. 7-50A Oficina 304</p><p>Medellín, Colombia.</p>								</div>
				</div>
					</div>
		</div>
				<div class="elementor-column elementor-col-50 elementor-top-column elementor-element elementor-element-ecf6000" data-id="ecf6000" data-element_type="column" data-e-type="column">
			<div class="elementor-widget-wrap elementor-element-populated">
						<div class="elementor-element elementor-element-914aa90 elementor-widget elementor-widget-text-editor" data-id="914aa90" data-element_type="widget" data-e-type="widget" data-widget_type="text-editor.default">
				<div class="elementor-widget-container">
									<ul>
<li><span style="background-color: transparent; color: var( --e-global-color-text ); font-family: var( --e-global-typography-text-font-family ), Sans-serif; font-weight: var( --e-global-typography-text-font-weight );"><strong>PBX:</strong> (574) 604 311 02 02 ext 101, 109, 110</span></li>
<li><strong>Fax:</strong> (574) 604 312 11 53</li>
<li><strong>Email:&nbsp;</strong> info@centrocic.com</li>
</ul>								</div>
				</div>
					</div>
		</div>
					</div>
		</section>
				<section class="elementor-section elementor-top-section elementor-element elementor-element-575bffe elementor-section-boxed elementor-section-height-default elementor-section-height-default" data-id="575bffe" data-element_type="section" data-e-type="section">
						<div class="elementor-container elementor-column-gap-default">
					<div class="elementor-column elementor-col-100 elementor-top-column elementor-element elementor-element-f9ba665" data-id="f9ba665" data-element_type="column" data-e-type="column">
			<div class="elementor-widget-wrap elementor-element-populated">
						<div class="elementor-element elementor-element-8d70c3c elementor-align-center elementor-hidden-desktop elementor-hidden-tablet elementor-hidden-phone elementor-widget elementor-widget-button" data-id="8d70c3c" data-element_type="widget" data-e-type="widget" data-widget_type="button.default">
				<div class="elementor-widget-container">
									<div class="elementor-button-wrapper">
					<a class="elementor-button elementor-button-link elementor-size-lg" href="https://centrocic.com/en/quienes-somos/">
						<span class="elementor-button-content-wrapper">
						<span class="elementor-button-icon">
				<i aria-hidden="true" class="fab fa-whatsapp"></i>			</span>
									<span class="elementor-button-text">Contáctenos vía WhatsApp aquí</span>
					</span>
					</a>
				</div>
								</div>
				</div>
					</div>
		</div>
					</div>
		</section>
				<section class="elementor-section elementor-top-section elementor-element elementor-element-1c50d54 elementor-section-boxed elementor-section-height-default elementor-section-height-default" data-id="1c50d54" data-element_type="section" data-e-type="section">
						<div class="elementor-container elementor-column-gap-default">
					<div class="elementor-column elementor-col-100 elementor-top-column elementor-element elementor-element-4084018" data-id="4084018" data-element_type="column" data-e-type="column">
			<div class="elementor-widget-wrap elementor-element-populated">
						<div class="elementor-element elementor-element-ff86cf1 elementor-widget elementor-widget-google_maps" data-id="ff86cf1" data-element_type="widget" data-e-type="widget" data-widget_type="google_maps.default">
				<div class="elementor-widget-container">
							<div class="elementor-custom-embed">
			<iframe loading="lazy"
					src="https://maps.google.com/maps?q=Centro%20Empresarial%20Torre%20DANN%2C%20Medell%C3%ADn&#038;t=m&#038;z=15&#038;output=embed&#038;iwloc=near"
					title="Centro Empresarial Torre DANN, Medellín"
					aria-label="Centro Empresarial Torre DANN, Medellín"
			></iframe>
		</div>
						</div>
				</div>
					</div>
		</div>
					</div>
		</section>
				<section class="elementor-section elementor-top-section elementor-element elementor-element-84dac1a elementor-hidden-desktop elementor-hidden-tablet elementor-hidden-phone elementor-section-boxed elementor-section-height-default elementor-section-height-default" data-id="84dac1a" data-element_type="section" data-e-type="section">
						<div class="elementor-container elementor-column-gap-default">
					<div class="elementor-column elementor-col-50 elementor-top-column elementor-element elementor-element-7c77b15" data-id="7c77b15" data-element_type="column" data-e-type="column">
			<div class="elementor-widget-wrap elementor-element-populated">
						<div class="elementor-element elementor-element-85eb1af elementor-widget elementor-widget-heading" data-id="85eb1af" data-element_type="widget" data-e-type="widget" data-widget_type="heading.default">
				<div class="elementor-widget-container">
					<h2 class="elementor-heading-title elementor-size-default">Sede Principal</h2>				</div>
				</div>
				<div class="elementor-element elementor-element-4fe15f6 elementor-widget elementor-widget-text-editor" data-id="4fe15f6" data-element_type="widget" data-e-type="widget" data-widget_type="text-editor.default">
				<div class="elementor-widget-container">
									<ul><li id="h.p_ID_44" class="CDt4Ke zfr3Q">Carrera 43A No. 7-50A Oficina 304</li><li id="h.p_ID_46" class="CDt4Ke zfr3Q">Centro Empresarial DANN</li><li id="h.p_ID_48" class="CDt4Ke zfr3Q">PBX (574) 311 0202</li><li id="h.p_ID_50" class="CDt4Ke zfr3Q">Fax (574) 312 1153</li></ul>								</div>
				</div>
					</div>
		</div>
				<div class="elementor-column elementor-col-50 elementor-top-column elementor-element elementor-element-5cd4f52" data-id="5cd4f52" data-element_type="column" data-e-type="column">
			<div class="elementor-widget-wrap elementor-element-populated">
						<div class="elementor-element elementor-element-f23d93c elementor-widget elementor-widget-heading" data-id="f23d93c" data-element_type="widget" data-e-type="widget" data-widget_type="heading.default">
				<div class="elementor-widget-container">
					<h2 class="elementor-heading-title elementor-size-default">Sede Servicio de Vacunación</h2>				</div>
				</div>
				<div class="elementor-element elementor-element-6792cf9 elementor-widget elementor-widget-text-editor" data-id="6792cf9" data-element_type="widget" data-e-type="widget" data-widget_type="text-editor.default">
				<div class="elementor-widget-container">
									<ul><li id="h.p_ID_56" class="CDt4Ke zfr3Q">Calle 7 # 39-290</li><li id="h.p_ID_58" class="CDt4Ke zfr3Q">Consultorio 902</li><li id="h.p_ID_60" class="CDt4Ke zfr3Q">Edificio Clínica Medellín Poblado</li><li id="h.p_ID_62" class="CDt4Ke zfr3Q">PBX: (574) 312 4170</li></ul>								</div>
				</div>
					</div>
		</div>
					</div>
		</section>
				</div>

<p>Dirección Principal Contacto Centro Empresarial DANN: Carrera 43A No. 7-50A Oficina 304 Medellín, Colombia. PBX: (574) 604 311 02 02 ext 101, 109, 110 Fax: (574) 604 312 11 53 Email:&nbsp; info@centrocic.com Contáctenos vía WhatsApp aquí Sede Principal Carrera 43A No. 7-50A Oficina 304 Centro Empresarial DANN PBX (574) 311 0202 Fax (574) 312 1153 [&hellip;]</p>
